s divided by 1185?
16
Calculate the remainder when 1851 is divided by 66.
3
Calculate the remainder when 145217 is divided by 7.
2
Calculate the remainder when 53651 is divided by 1446.
149
Calculate the remainder when 138744 is divided by 3083.
9
Calculate the remainder when 2087 is divided by 150.
137
What is the remainder when 6316 is divided by 32?
12
Calculate the remainder when 196936 is divided by 521.
519
Calculate the remainder when 27119 is divided by 25.
19
Calculate the remainder when 50503 is divided by 5610.
13
Calculate the remainder when 60521 is divided by 624.
617
What is the remainder when 41372 is divided by 1615?
997
Calculate the remainder when 10887 is divided by 55.
52
Calculate the remainder when 19633 is divided by 78.
55
Calculate the remainder when 4567 is divided by 2259.
49
Calculate the remainder when 46109 is divided by 41.
25
Calculate the remainder when 4786 is divided by 7.
5
Calculate the remainder when 46130 is divided by 9225.
5
What is the remainder when 3124 is divided by 323?
217
Calculate the remainder when 14139 is divided by 2182.
1047
Calculate the remainder when 4224 is divided by 697.
42
Calculate the remainder when 30737 is divided by 5117.
35
What is the remainder when 22333 is divided by 4?
1
Calculate the remainder when 115220 is divided by 582.
566
Calculate the remainder when 143977 is divided by 378.
337
Calculate the remainder when 2112 is divided by 745.
622
What is the remainder when 1882 is divided by 279?
208
What is the remainder when 371766 is divided by 249?
9
What is the remainder when 1129 is divided by 72?
49
What is the remainder when 2539 is divided by 364?
355
What is the remainder when 322207 is divided by 271?
259
What is the remainder when 124 is divided by 40?
4
What is the remainder when 24884 is divided by 1300?
184
Calculate the remainder when 11109 is divided by 202.
201
Calculate the remainder when 40969 is divided by 1864.
1825
Calculate the remainder when 295783 is divided by 628.
623
What is the remainder when 380404 is divided by 4755?
4
Calculate the remainder when 30239 is divided by 135.
134
Calculate the remainder when 486681 is divided by 121670.
1
Calculate the remainder when 27270 is divided by 246.
210
What is the remainder when 23185 is divided by 648?
505
What is the remainder when 558 is divided by 54?
18
What is the remainder when 2410 is divided by 326?
128
Calculate the remainder when 3427 is divided by 196.
95
What is the remainder when 878729 is divided by 255?
254
What is the remainder when 6212022 is divided by 92?
90
What is the remainder when 1145 is divided by 1063?
82
Calculate the remainder when 13943 is divided by 65.
33
Calculate the remainder when 19987 is divided by 76.
75
What is the remainder when 6025 is divided by 14?
5
What is the remainder when 77579 is divided by 1035?
989
Calculate the remainder when 50892 is divided by 585.
582
Calculate the remainder when 30479 is divided by 477.
428
Calculate the remainder when 5739 is divided by 319.
316
What is the remainder when 7225 is divided by 225?
25
What is the remainder when 7267 is divided by 359?
87
Calculate the remainder when 20250 is divided by 3633.
2085
What is the remainder when 43909 is divided by 1219?
25
Calculate the remainder when 171146 is divided by 267.
266
Calculate the remainder when 77225 is divided by 449.
446
What is the remainder when 8407 is divided by 50?
7
What is the remainder when 56673 is divided by 82?
11
What is the remainder when 529730 is divided by 3?
2
What is the remainder when 618321 is divided by 21?
18
What is the remainder when 4837 is divided by 2414?
9
Calculate the remainder when 14051 is divided by 1097.
887
What is the remainder when 765 is divided by 31?
21
What is the remainder when 2023 is divided by 640?
103
What is the remainder when 94020 is divided by 163?
132
What is the remainder when 981 is divided by 560?
421
Calculate the remainder when 6510 is divided by 167.
164
Calculate the remainder when 4041 is divided by 254.
231
Calculate the remainder when 1593 is divided by 273.
228
Calculate the remainder when 337 is divided by 192.
145
What is the remainder when 760930 is divided by 362?
6
Calculate the remainder when 86976 is divided by 15.
6
What is the remainder when 128844 is divided by 477?
54
What is the remainder when 116761 is divided by 420?
1
What is the remainder when 407362 is divided by 16?
2
What is the remainder when 6223 is divided by 458?
269
What is the remainder when 209291 is divided by 203?
201
Calculate the remainder when 569846 is divided by 641.
638
Calculate the remainder when 64311 is divided by 128.
55
What is the remainder when 153496 is divided by 67?
66
What is the remainder when 29211 is divided by 5?
1
Calculate the remainder when 6311 is divided by 81.
74
Calculate the remainder when 991 is divided by 242.
23
What is the remainder when 146 is divided by 22?
14
Calculate the remainder when 1256 is divided by 301.
52
What is the remainder when 2035 is divided by 351?
280
What is the remainder when 825 is divided by 74?
11
What is the remainder when 43620 is divided by 5450?
20
Calculate the remainder when 1767 is divided by 1721.
46
What is the remainder when 3025 is divided by 16?
1
What is the remainder when 96594 is divided by 60?
54
What is the remainder when 35576 is divided by 20?
16
What is the remainder when 22151 is divided by 672?
647
What is the remainder when 11583 is divided by 966?
957
What is the remainder when 38369 is divided by 13?
6
What is the remainder when 137420 is divided by 56?
52
What is the remainder when 8971 is divided by 2240?
11
What is the remainder when 5908 is divided by 282?
268
Calculate the remainder when 10401 is divided by 340.
201
What is the remainder when 8729 is divided by 8711?
18
What is the remainder when 150020 is divided by 168?
164
Calculate the remainder when 9136 is divided by 1265.
281
Calculate the remainder when 155138 is divided by 5.
3
What is the remainder when 328777 is divided by 122?
109
What is the remainder when 62358 is divided by 113?
95
What is the remainder when 41802 is divided by 395?
327
Calculate the remainder when 17344 is divided by 5776.
16
What is the remainder when 9633 is divided by 1528?
465
What is the remainder when 5452 is divided by 127?
118
Calculate the remainder when 12708 is divided by 4235.
3
Calculate the remainder when 67261 is divided by 13449.
16
What is the remainder when 1279243 is divided by 33?
31
Calculate the remainder when 8039 is divided by 619.
611
What is the remainder when 2146175 is divided by 576?
575
What is the remainder when 2274276 is divided by 123?
6
What is the remainder when 1741 is divided by 24?
13
What is the remainder when 41988 is divided by 170?
168
What is the remainder when 18089 is divided by 41?
8
Calculate the remainder when 2098 is divided by 302.
286
Calculate the remainder when 632357 is divided by 342.
341
What is the remainder when 4308 is divided by 287?
3
What is the remainder when 61613 is divided by 303?
104
Calculate the remainder when 648737 is divided by 138.
137
What is the remainder when 108420 is divided by 46?
44
What is the remainder when 289072 is divided by 40?
32
What is the remainder when 15696 is divided by 15685?
11
What is the remainder when 15195 is divided by 131?
130
What is the remainder when 51909 is divided by 63?
60
What is the remainder when 18357 is divided by 1835?
7
Calculate the remainder when 138 is divided by 46.
0
What is the remainder when 26958 is divided by 42?
36
What is the remainder when 615 is divided by 146?
31
Calculate the remainder when 2700 is divided by 2408.
292
Calculate the remainder when 6243 is divided by 153.
123
Calculate the remainder when 36148 is divided by 16.
4
What is the remainder when 1497 is divided by 651?
195
What is the remainder when 16373 is divided by 152?
109
What is the remainder when 4704 is divided by 359?
37
Calculate the remainder when 5420 is divided by 1389.
1253
What is the remainder when 1057050 is divided by 1232?
1226
What is the remainder when 55763 is divided by 250?
13
Calculate the remainder when 20422 is divided by 10194.
34
What is the remainder when 11933 is divided by 803?
691
What is t